10*b + 309. What is the highest common factor of 736 and b?
46
Let u = 22 - 6. Let q be (-74)/(-1369) - (-292)/74. What is the highest common factor of u and q?
4
Let q = -3 - -8. Let f(o) = o**3 - 6*o**2 + 4*o + 6. Let s be f(q). Let n be 2 - (-69 - s/(-1)). Calculate the highest common divisor of 10 and n.
10
Let q be 24 + 0 + 12/2 + -13. What is the greatest common divisor of 51 and q?
17
Let y = -20 + 14. Let r be (-98)/y*3*3. Let k = r + -66. Calculate the highest common divisor of 9 and k.
9
Let c = 11 + -17. Let j = c + 18. Let n(w) = w**3 + 10*w**2 - w + 2. Let l be n(-10). Calculate the greatest common divisor of l and j.
12
Let h be (8 + (5 - 10))*(-1)/1. Let s be 0 + -3 + 32 + h + 0. What is the highest common factor of 2 and s?
2
Let k(i) = -6*i**3 + 16*i + 26. Let y be k(-3). Calculate the highest common divisor of y and 56.
28
Let s be 2/(((-2095)/418)/(-5) - 1). Calculate the greatest common divisor of s and 132.
44
Let u be ((-8)/(-5))/((-4)/(-20)). Let c(d) = -2*d**2 - 4*d + 1. Let g be c(-5). Let t = -21 - g. What is the greatest common factor of u and t?
8
Suppose -8*m + 11*m = 78. Let n be -2 + m + (9 - 11). Let l = 46 - n. What is the greatest common divisor of l and 12?
12
Suppose -116 = 3*p - 578. Let x = 43 - 29. Calculate the highest common factor of x and p.
14
Suppose -14*d - 375 - 199 = 0. Let r = d - -46. What is the highest common divisor of r and 55?
5
Suppose -50*o + 535 = 135. Suppose 166 = 4*u - 58. What is the highest common factor of u and o?
8
Suppose 0 = -25*z + 27499 + 12451. What is the highest common divisor of z and 34?
34
Let v be 12 + 38 + (-15)/3. Calculate the greatest common factor of 117 and v.
9
Suppose 2*x - 38 = -30. Calculate the greatest common divisor of x and 1.
1
Suppose 35 - 7 = 3*n + 4*i, 3*n - i - 8 = 0. Suppose 0 = -5*s - 4*y + 37, 5*y - 11 = n*s - 57. What is the greatest common factor of s and 6?
3
Suppose 0 = -2*v + 4*f + 86, -2*v - 2*f = 27 - 95. What is the greatest common factor of v and 259?
37
Suppose -3*z - 45 = -5*g, -25 = 5*z - z + 5*g. Let q = z + 10. Suppose -3*k + 82 = k - j, 5*j - 10 = q. What is the greatest common factor of k and 7?
7
Suppose 3*j - 15 = 4*o - 61, -3*o = -2*j - 35. Suppose -o = -b + 5. Let s(a) = 10*a**2 + 2*a - 3. Let d be s(1). What is the greatest common factor of d and b?
9
Suppose 146 = -2*o + 210. What is the highest common divisor of o and 2?
2
Suppose 5*b = 23 - 3. Let x(v) = 2*v - 4. Let n be x(b). What is the greatest common divisor of 1 and n?
1
Let s be 6/(-84)*276*-35. Calculate the greatest common divisor of s and 60.
30
Let u be 17/4*36/3. Suppose -153 = -4*r + u. Suppose 0 = 2*o + 2*x - 34, 26*o - 21*o - 85 = x. Calculate the highest common factor of o and r.
17
Let f = -8 + 4. Let a(k) = k**2 + 2*k - 4. Let m be a(f). Let v = -33 - -69. Calculate the highest common factor of m and v.
4
Let p be (3 + -3)/3 - 16. Let k(r) = -7*r - 4. Let a be k(p). What is the greatest common factor of a and 27?
27
Let z = -117 - -171. Suppose 4*p = 2*p + 12. What is the highest common factor of z and p?
6
Suppose 4*h - 19 = 3*q, 0 = -h - 3*h - 3*q + 13. Let f = -66 - -110. What is the highest common divisor of h and f?
4
Let u(t) = 44*t + 464. Let r be u(-8). What is the greatest common factor of 238 and r?
14
Let d(n) = 7*n**2 + 178*n - 1120. Let z be d(6). Suppose a + 9 = 34. Calculate the highest common factor of z and a.
25
Suppose 5*n - 8*n = -3. Let u be 150/(-40) + n/(-4). Let v be 194/18 + u/(-18). Calculate the greatest common factor of 22 and v.
11
Let x(p) = p + 7. Let h be x(-4). Let m be 1/(3/h) - 9. Let w = 19 + m. Calculate the greatest common divisor of 44 and w.
11
Suppose -1105 = -35*y + 2570. Calculate the greatest common factor of 15 and y.
15
Let i(a) be the first derivative of a**3/3 + 2*a**2 + 9*a + 2. Let b be i(-6). Calculate the highest common divisor of 63 and b.
21
Let x be (0 - (-2)/(-13)) + 26660/403. What is the highest common factor of x and 30?
6
Let a = 2 + -2. Suppose -11 = i + 2*z, 5*i - 5*z - 5 + 0 = a. Let c be (0 + i)*34/(-6). Calculate the highest common factor of 85 and c.
17
Suppose j - 10 = -0*j. Let k(b) = 9*b - 43. Let d be k(17). Calculate the highest common divisor of d and j.
10
Let m = -70 - -114. Let l = m + -26. Suppose t = 2*r - 26, r - 8 = -t + 2. Calculate the greatest common factor of r and l.
6
Let x(j) = j - 2. Let p be x(4). Suppose -o + p = -3, 3*a - 2*o = 74. Suppose -5*v + d = -34, -v = v - 4*d - a. What is the highest common factor of 42 and v?
6
Let l = -28 + 39. Let h = -43 + 45. Suppose -l = -a + h*n, 0 = 2*a + 5*n - 5 - 8. Calculate the greatest common divisor of a and 1.
1
Let x be ((-62)/(-8))/((-16)/(-64)). What is the greatest common divisor of 31 and x?
31
Let z be (-14 + (-3)/(-1))/(3/3). Let m(u) = u**3 + 12*u**2 + 9*u - 10. Let w be m(z). Suppose 4*v - 12 = 3*v. What is the highest common factor of w and v?
12
Suppose 2*x + x - 60 = 0. Suppose -z - x = -6*z. Let s be 11 - -4 - (z + -1). What is the highest common divisor of s and 6?
6
Suppose 3*l - 422 = -2*h, -l + 0*l + 136 = -4*h. Calculate the highest common divisor of l and 20.
20
Suppose -x = 4*x - 20. Let n(j) = j**2 - 7*j + 4. Let o be n(0). Calculate the greatest common divisor of x and o.
4
Suppose 4*l - 12 = -0*l. Let c be (2/l)/(6/27). Suppose c*n - 101 = 34. What is the highest common divisor of 5 and n?
5
Suppose 4*p = -3 - 9. Let x be 38/4 - (-2 + p/(-2)). What is the highest common factor of 130 and x?
10
Suppose j = 4*q + 52 + 27, -q = -2*j + 130. Let m(t) = 2*t + 5. Let y be m(8). Calculate the greatest common factor of y and j.
21
Suppose 0 = -6*x + 4*x + 22. Suppose -3*r = -4*d - 244, 5*r - 4*d + 460 = 10*r. Suppose 3*f - r = -f. Calculate the highest common factor of x and f.
11
Let f(q) = q**3 + 5*q**2 + 14*q + 35. Let n be f(0). Let j = 163 - 58. What is the highest common divisor of n and j?
35
Suppose 0 = 2*z - 13 - 1. Suppose z*m = 2*m - 2*s - 52, 49 = -5*m + s. Let c = -8 - m. What is the highest common divisor of c and 10?
2
Suppose 0 = 4*b - 7*x + 9*x - 4698, -2*b - 3*x = -2347. What is the greatest common factor of b and 25?
25
Let t be ((-1350)/360)/(1 + (-13)/12). Suppose -6*x + t = -x. Calculate the highest common divisor of 225 and x.
9
Let f(g) = -8*g**3 - g**2 + 1. Let y be f(-1). Let o be (5/2)/(4/y). Let h = 103 - 78. Calculate the greatest common divisor of h and o.
5
Let y(v) = 2*v**2 + 3*v - 4. Suppose 0 = -u - 5 + 6. Suppose 0 = 2*d - u - 7. Let l be y(d). Calculate the highest common factor of 5 and l.
5
Let z = 18 - 24. Let q(n) = 4*n**2 - 8*n - 3. Let r be q(z). Calculate the highest common factor of 27 and r.
27
Let t be (-3)/9*(0 + 0). Suppose t = -3*p + 3 + 9. Suppose i = -p*n + 304, -2 + 168 = 2*n + 4*i. What is the highest common divisor of 15 and n?
15
Suppose 25 = 2*p - p - 3*n, -5*n = 15. Suppose -36 = -4*r - d + 3*d, 5*d - 14 = -3*r. What is the greatest common divisor of r and p?
8
Suppose 0*h + 4*h = -l + 264, 5*h - 5*l = 330. What is the greatest common factor of 66 and h?
66
Let o(a) = 5*a + 37. Let d(p) = 9*p + 73. Let c(v) = -3*d(v) + 5*o(v). Let l be c(-30). Calculate the highest common factor of l and 182.
26
Let k(r) = -r - 21. Let p be k(-15). Let n be 27/(-6)*p/3. Let d be 1/(-4) - (-145)/4. What is the highest common divisor of d and n?
9
Let j(d) = -56*d**2 + 108*d**2 - 53*d**2 + 2*d + 248. Let n be j(0). What is the highest common factor of 62 and n?
62
Let q be -58*(2 - 15/10). Let y = -20 - q. What is the greatest common factor of 72 and y?
9
Let h = 377 - 341. Calculate the highest common divisor of h and 252.
36
Let k(q) = 9*q**2 - q - 4. Suppose -7*d + 2*d = 2*b + 1, 4*b - 3*d - 11 = 0. Let z be k(b). What is the highest common divisor of 6 and z?
6
Let o be 2*(-4)/(1 - 5). Suppose g = -5*y + 20, g - 5*y - 8 = o. Let c be (-1)/(-1 - 4/(-5)). What is the highest common factor of g and c?
5
Let g be -1 + (-2)/(-4) + 17/2. Let s be (18/g)/((-2)/32*-4). Calculate the greatest common factor of s and 18.
9
Let q be (-37)/((12/16)/(3/(-2))). Suppose -2*i - 4*f = -q, 2*f + 137 = 4*i - f. Calculate the greatest common divisor of 175 and i.
35
Let u = -13 - -13. Let f = 10 - u. What is the highest common divisor of f and 10?
10
Suppose 5*v = 8*c - 6*c - 92, -39 = -